2021950?
2
What is the units digit of 48896?
6
What is the hundred thousands digit of 15275039?
2
What is the ten thousands digit of 8295754?
9
What is the thousands digit of 3815969?
5
What is the units digit of 91736?
6
What is the thousands digit of 56204?
6
What is the units digit of 5222280?
0
What is the tens digit of 231260?
6
What is the millions digit of 18901908?
8
What is the units digit of 106014?
4
What is the hundred thousands digit of 26549579?
5
What is the thousands digit of 715385?
5
What is the units digit of 355739?
9
What is the hundred thousands digit of 702224?
7
What is the tens digit of 664885?
8
What is the units digit of 963324?
4
What is the ten thousands digit of 359995?
5
What is the ten thousands digit of 114328?
1
What is the hundreds digit of 2052755?
7
What is the units digit of 170635?
5
What is the units digit of 5343466?
6
What is the units digit of 2535595?
5
What is the hundreds digit of 4548311?
3
What is the tens digit of 7460?
6
What is the thousands digit of 1614503?
4
What is the tens digit of 1111378?
7
What is the ten thousands digit of 114526?
1
What is the thousands digit of 11811474?
1
What is the tens digit of 239622?
2
What is the ten thousands digit of 11701156?
0
What is the thousands digit of 65826?
5
What is the tens digit of 207326?
2
What is the hundred thousands digit of 314706?
3
What is the hundreds digit of 7931?
9
What is the ten millions digit of 15490151?
1
What is the hundreds digit of 777561?
5
What is the tens digit of 2460032?
3
What is the ten thousands digit of 1786372?
8
What is the thousands digit of 67462?
7
What is the units digit of 367672?
2
What is the units digit of 3662691?
1
What is the tens digit of 7675605?
0
What is the hundred thousands digit of 2635272?
6
What is the tens digit of 3649124?
2
What is the tens digit of 439521?
2
What is the hundred thousands digit of 3891081?
8
What is the thousands digit of 173394?
3
What is the tens digit of 10810675?
7
What is the tens digit of 8244630?
3
What is the ten thousands digit of 138803?
3
What is the thousands digit of 1269403?
9
What is the ten thousands digit of 1313106?
1
What is the thousands digit of 21079029?
9
What is the ten thousands digit of 21476192?
7
What is the units digit of 4686870?
0
What is the hundreds digit of 2740268?
2
What is the tens digit of 1267407?
0
What is the tens digit of 658233?
3
What is the hundred thousands digit of 4529582?
5
What is the tens digit of 961262?
6
What is the thousands digit of 25893562?
3
What is the hundreds digit of 192241?
2
What is the ten thousands digit of 670366?
7
What is the ten millions digit of 15862731?
1
What is the ten thousands digit of 991401?
9
What is the tens digit of 441336?
3
What is the units digit of 21894331?
1
What is the ten thousands digit of 386057?
8
What is the units digit of 533678?
8
What is the hundreds digit of 8434341?
3
What is the tens digit of 3018062?
6
What is the thousands digit of 458470?
8
What is the ten thousands digit of 1432881?
3
What is the hundred thousands digit of 2126038?
1
What is the hundred thousands digit of 287034?
2
What is the hundred thousands digit of 1015299?
0
What is the thousands digit of 1208019?
8
What is the tens digit of 4159078?
7
What is the ten thousands digit of 4534170?
3
What is the millions digit of 12592166?
2
What is the hundreds digit of 188785?
7
What is the hundred thousands digit of 761522?
7
What is the thousands digit of 629246?
9
What is the hundreds digit of 749740?
7
What is the ten thousands digit of 277088?
7
What is the thousands digit of 1309009?
9
What is the hundred thousands digit of 1548049?
5
What is the hundreds digit of 109842?
8
What is the units digit of 719388?
8
What is the hundreds digit of 377132?
1
What is the millions digit of 9267729?
9
What is the millions digit of 4057809?
4
What is the units digit of 17499?
9
What is the hundreds digit of 6565228?
2
What is the thousands digit of 243572?
3
What is the tens digit of 67885?
8
What is the ten millions digit of 11029878?
1
What is the tens digit of 2421729?
2
What is the units digit of 1374692?
2
What is the millions digit of 10570766?
0
What is the units digit of 11477087?
7
What is the units digit of 6156046?
6
What is the thousands digit of 34152?
4
What is the ten millions digit of 19568165?
1
What is the thousands digit of 5075997?
5
What is the hundred thousands digit of 4080240?
0
What is the hundreds digit of 189611?
6
What is the hundreds digit of 294449?
4
What is the millions digit of 11229562?
1
What is the units digit of 313325?
5
What is the hundred thousands digit of 1377973?
3
What is the thousands digit of 6657420?
7
What is the thousands digit of 82383?
2
What is the hundreds digit of 1998811?
8
What is the hundreds digit of 11535194?
1
What is the thousands digit of 734628?
4
What is the units digit of 49977?
7
What is the ten thousands digit of 18464405?
6
What is the hundred thousands digit of 9880910?
8
What is the hundreds digit of 3708347?
3
What is the units digit of 581532?
2
What is the hundreds digit of 6815?
8
What is the hundred thousands digit of 525515?
5
What is the units digit of 4151672?
2
What is the hundreds digit of 5273139?
1
What is the hundreds digit of 875?
8
What is the hundred thousands digit of 19442113?
4
What is the units digit of 2279818?
8
What is the hundreds digit of 116360?
3
What is the millions digit of 15648533?
5
What is the thousands digit of 618700?
8
What is the millions digit of 1164521?
1
What is the hundred thousands digit of 1987234?
9
What is the ten thousands digit of 831724?
3
What is the hundred thousands digit of 2411374?
4
What is the tens digit of 597398?
9
What is the hundred thousands digit of 1585822?
5
What is the millions digit of 2189029?
2
What is the hundreds digit of 87696?
6
What is the thousands digit of 126765?
6
What is the hundreds digit of 1882156?
1
What is the tens digit of 11862966?
6
What is the ten thousands digit of 372602?
7
What is the hundred thousands digit of 11607890?
6
What is the units digit of 2060749?
9
What is the units digit of 8678?
8
What is the hundred thousands digit of 554479?
5
What is the units digit of 60918?
8
What is the millions digit of 3158233?
3
What is the hundred thousands digit of 993099?
9
What is the thousands digit of 259615?
9
What is the units digit of 8842201?
1
What is the tens digit of 74534?
3
What is the ten thousands digit of 156443?
5
What is the millions digit of 5759798?
5
What is the tens digit of 2035931?
3
What is the thousands digit of 5413917?
3
What is the ten thousands digit of 13650507?
5
What is the ten thousands digit of 830254?
3
What is the units digit of 578770?
0
What is the hundreds digit of 1172312?
3
What is the units digit of 114312?
2
What is the hundred thousands digit of 9769760?
7
What is the millions digit of 6412856?
6
What is the units digit of 3785311?
1
What is the hundreds digit of 2621861?
8
What is the hundreds digit of 2742092?
0
What is the millions digit of 7671538?
7
What is the hundred thousands digit of 1936495?
9
What is the tens digit of 1712461?
6
What is the hundred thousands digit of 903825?
9
What is the thousands digit of 85711?
5
What is the units digit of 2998058?
8
What is the ten thousands digit of 530942?
3
What is the thousands digit of 243062?
3
What is the hundred thousands digit of 7469903?
4
What is the units digit of 25627?
7
What is the hundreds digit of 1854847?
8
What is the thousands digit of 1721283?
1
What is the thousands digit of 637164?
7
What is the hundred thousands digit of 2949385?
9
What is the hundred thousands digit of 235822?
2
What is the ten thousands digit of 84182?
8
What is the hundred thousands digit of 4463097?
4
What is the millions digit of 10936700?
0
What is the ten thousands digit of 50945?
5
What is the thousands digit of 912580?
2
What is the hundred thousands digit of 210676?
2
What is the hundred thousands digit of 362901?
3
What is the hundreds digit of 1319864?
8
What is the tens digit of 11902193?
9
What is the thousands digit of 378487?
8
What is the hundred thousands digit of 16818248?
8
What is the millions digit of 11751778?
1
What is the hundred thousands digit of 8753644?
7
What 